4).
1
What is (-7 - (-1 + -2)) + 4?
0
Evaluate -1 - (-3 + 1 + (5 - 5)).
1
What is 1 + -4 - (-32 - -24) - 14?
-9
What is the value of (57 - 68) + (7 - -2)?
-2
3 + -4 - (2 - -1 - 5)
1
Calculate -2 + -5 + 6 + (-3 - 0).
-4
What is -2 + -2 + -2 - -7?
1
What is the value of 13 + -19 + 1 + 2?
-3
What is 6 + (6 - (6 + -3 + 4))?
5
(-1 - 3) + (-1 - -3 - 3)
-5
Calculate (-2 - 2) + 25 + -15.
6
What is the value of -7 + (7 - 9) + 10?
1
Calculate (0 + -4 + 3 - -3) + 2.
4
2 + (-8 - -8 - (-7 + 2))
7
Evaluate 27 + -31 - (-2 + -5).
3
Evaluate 4 + -3 - (0 - -3).
-2
6 + -5 - -1 - 0 - 4
-2
Calculate -12 + (6 - -1) - (-2 - 0).
-3
What is the value of -7 + 0 + (26 - (-4 + 18))?
5
What is 16 + -17 - (0 + -1 + 10)?
-10
(3 - 6 - -7) + 0
4
Evaluate 4 - 12 - -11 - -3.
6
Evaluate 3 + (0 - 3) + (4 - 2).
2
Evaluate 9 - (8 - (4 + (2 - 2))).
5
Calculate (3 - 5 - -5) + -8.
-5
Evaluate -5 + 0 + -1 + -8 + 9.
-5
What is the value of -4 - ((4 - 4) + 2 - 3)?
-3
Evaluate 4 - 0 - (2 + 8 + -6).
0
What is 2 + 3 + 12 + 7 + -14?
10
What is the value of 10 + -2 - (4 + -1)?
5
Evaluate -4 + 1 + (4 - (-4 - -5)).
0
Calculate 0 + (4 + -1 + -1 - 3).
-1
What is the value of (-5 - (1 + -5 + 4)) + 0?
-5
What is 2 + 6 + -11 + 4?
1
-7 + 9 + (4 + -3 - 6)
-3
What is 8 + 6 + (1 - 10)?
5
Evaluate (19 - 16) + (-1 - (1 - -1)).
0
Evaluate 16 + -14 - (-2 + 4).
0
What is -2 - (1 + -1) - -9?
7
Evaluate 0 + (1 - 4 - -3) - 2.
-2
Evaluate -14 + 15 + (-9 - (2 - 3)).
-7
-5 - (16 - 10 - 11)
0
Calculate -6 + 1 + 4 + -6 + 2.
-5
Calculate -3 + 3 + 0 + -1 + -2.
-3
What is the value of -9 - (11 + -17) - -3?
0
17 + (3 - 8) + -6 - 1
5
Calculate (-12 - 0) + 24 - 12.
0
5 - (3 - (2 + -4))
0
-11 + 27 + -9 - (8 - -3)
-4
Calculate 1 - (1 - 0) - (76 - 83).
7
Calculate (-2 - (-6 - 2)) + -5 + 6.
7
Calculate 4 + -11 + 18 + -15.
-4
What is the value of -3 - (-8 - (15 - 12))?
8
Evaluate 2 + -2 - (2 + -5).
3
Calculate -8 - -9 - (6 - 1).
-4
-1 - 2 - (0 + -4 + 1)
0
What is the value of -7 + 1 + -4 + 7?
-3
Calculate ((-2 - -3) + -4 - 3) + 4.
-2
Evaluate 6 - (1 + 1) - 8.
-4
Evaluate -1 + -2 + 0 - -2.
-1
(-4 - (3 + -7)) + 5
5
3 + -5 + (-3 - (-4 + 2))
-3
8 + 1 + -12 - 0
-3
Calculate 2 + 2 + -2 + 2 + -1.
3
2 + 0 - (-4 + 17 - 5)
-6
Calculate (1 - (-11 - -14)) + 0 + -1.
-3
What is the value of -4 - (-3 - (0 - -1))?
0
What is 8 + (0 - (-7 + 13))?
2
What is (0 - (3 - 3) - 1) + 0?
-1
1 - (6 + (2 - 3) + -2)
-2
-2 - (-1 + 3) - -2
-2
(6 - 4 - 4) + -2
-4
Evaluate -2 - (-6 - (0 + -8)).
-4
-14 + (7 - 0) + 5
-2
Evaluate 1 + -2 + 2 + 0.
1
Evaluate (-1 - -1) + -5 + (10 - 9).
-4
Evaluate 1 + -3 + -6 + 9.
1
(-22 + 18 - (-7 + 2)) + -6
-5
-7 - (7 - 10) - 1 - -11
6
What is the value of 108 + -119 - (-3 - 0)?
-8
Calculate 0 + (-6 - -3 - (1 - 2)).
-2
What is 6 + 0 + -6 - 4?
-4
Calculate -4 + -1 - (36 + -34).
-7
Calculate 2 + 0 + 6 + 0 + -4.
4
What is the value of -1 + (2 - 5) + 3 + 1?
0
What is 7 + -2 + -8 + -1?
-4
Evaluate -9 - -5 - (-11 - -2).
5
What is the value of 3 - (1 + -2) - (7 - 7)?
4
Calculate -1 + 4 + -3 + -3.
-3
Calculate 1 + 2 + 0 + -7 + 2.
-2
What is the value of 3 + 0 + -1 + -2 + 1?
1
Evaluate 163 + -158 + (0 - 8) + 1.
-2
3 + -3 + (1 - 1) + 1
1
What is the value of 5 + (-21 + 10 - (0 + -1))?
-5
3 + 1 + 7 + -13
-2
Calculate -1 + (0 + -1 + -1 - -9).
6
(-8 - -1) + 12 + -8
-3
Evaluate -1 + (-2 - (0 - 1)).
-2
What is -16 - (-9 - 11) - (1 + 4)?
-1
Evaluate (-19 - -23) + 1 + (-1 - -1).
5
What is -2 + (3 - (-2 - -2) - 1)?
0
Evaluate 2 + (3 - 0 - (4 - 4)).
5
What is the value of -3 + 6 + 1 + (-1 - 4)?
-1
What is 1 + 2 - (7 + -9)?
5
What is the value of 5 + 0 + -5 - (-7 + 2)?
5
Evaluate -7 + 5 + 1 + 2.
1
-16 + 19 + 3 + (-1 - 6)
-1
-10 - (8 - 3 - 11)
-4
Calculate 5 - (3 - 2) - 1.
3
Evaluate (-8 - (6 + -8) - -17) + -4.
7
Evaluate 8 - 2 - (-8 + 14 - -5).
-5
What is 4 + -2 - 0 - (0 - -6)?
-4
What is the value of 4 + -3 + 5 + -2?
4
What is the value of -8 + 10 + -18 + 8?
-8
-11 + 12 + (-1 - 3)
-3
Calculate (-4 + -2 - -7) + -6.
-5
What is -2 + 4 + (-1 - -1)?
2
What is 2 - 4 - -3 - -2?
3
3 + (-3 - 5) + 4
-1
What is -1 - (8 + -9 + 5)?
-5
2 + (2 - 4 - -5)
5
What is the value of (3 + 5 - 8) + 6 - -2?
8
Evaluate -1 + 1 + (-4 - (-2 + -1)).
-1
What is -4 - 1 - -1 - -6?
2
What is (6 - 3) + (-3 - (-1 + 2))?
-1
Calculate 3 + (1 - -1 - 2) + 2.
5
(1 - 2 - -2) + -8 + 6
-1
What is (-15 - 12) + 11 - -7?
-9
Evaluate (0 + -5 - 0) + 3.
-2
What is (4 - (-3 - -1) - -1) + -3?
4
Calculate -10 - (-9 - (-5 + 1)).
-5
Calculate 0 + -3 + 4 + -3.
-2
Evaluate 7 + (24 + -29 - (1 - 4)).
5
Evaluate -51 + 43 - (-4 + 1).
-5
-23 - -29 - (6 + 1) - -8
7
What is 3 + 0 + 0 + 81 + -82?
2
Calculate (8 - 4) + (-1 - 3).
0
What is 1 + -2 + 7 - (35 - 30)?
1
What is the value of 2 + -4 + -5 - -8?
1
Calculate (-8 - -5 - 3) + (0 - 2).
-8
Calculate 2 + (-6 + -3 - (-1 - -3)).
-9
(-5 - -1 - -2 - -3) + -1
0
Calculate -7 + (2 - 1) - -7.
1
What is -29 + 47 - (15 - 3)?
6
What is the value of 1 - (0 - 3 - 0)?
4
0 + -1 + (5 - 1)
3
Evaluate (1 - 9) + (6 - (-4 + 7)).
-5
9 - (13 - (-11 - -15))
0
What is 11 + -4 + -10 + 10?
7
6 + (-7 - (2 + 0 - 0))
-3
Calculate 6 - (-10 + (-7 - -26)).
-3
(3 - (-2 - -1)) + -7
-3
Calculate (4 - (2 - 0) - 3) + 6.
5
What is the value of 5 + 0 - (2 - 1)?
4
Calculate (-4 - (9 + -9)) + 1 + -3.
-6
What is the value of 19 - 24 - (-2 + 0)?
-3
2 - ((-6 + 2 - -1) + 3)
2
Evaluate -7 + 3 + 8 + 1.
5
Evaluate (-17 - 5) + 7 - -11.
-4
1 + (-1 - -2) + 3
5
What is -1 + 3 + (22 - 24)?
0
Calculate (-1 - 7 - -2) + 3 + 0.
-3
Calculate (0 - 1 - 3) + 7.
3
What is the value of 2 + 2 + 9 - 8?
5
What is 1 - (14 - 8 - (1 + -2))?
-6
Calculate 190 + -197 + 0 + -1.
-8
Evaluate (-15 - -15) + (-1 - -3).
2
What is the value of 146 + -156 - (-9 - 0)?
-1
What is 4 - (0 - -6 - (7 + -2))?
3
Calculate -1 - (-3 + -1) - 13 - -4.
-6
Calculate 26 + -34 + (13 - (-2 + 3)).
4
Calculate 0 + (-8 - -1) - (-149 + 148).
-6
What is -11 + 4 + 1 + (2 - -4)?
0
What is the value of 2 + (-2 - -3) + -4?
-1
What is 11 - 14 - (-6 + 0)?
3
Evaluate -13 + 15 - (2 - (3 + -2)).
1
Evaluate 2 + -1 + 9 + (76 - 80).
6
3 - (10 - (-8 - -21))
6
What is -107 + 92 + 1 + 9?
-5
What is (1 - (-2 - 1)) + 5 + -14?
-5
Calculate -8 + (-18 + 27 - (6 + 0)).
-5
Evaluate (-2 - 0 - 1) + 6.
3
Evaluate (-10 - (-10 - -11)) + 12.
1
Evaluate 5 - (-17 + 9 - -10).
3
Evaluate -1 + 0 - (23 - 19).
-5
What is (-8 - (9 - 10)) + 16?
9
-14 + -2 + 13 + 11
8
Evaluate 15 - 19 - (-4 + -2).
2
Evaluate 7 + (-7 - -4) + -2 + 2.
4
Calculate -7 + -2 - -1 - -7.
-1
What is the value of 1 + -10 - (0 + -31 - -25)?
-3
What is the value of 2 - 0 - (3 + (6 - 5))?
-2
Evaluate (2 - (-8 + 3)) + -2 + -1.
4
Evaluate (-5 - -10) + -2 - (2 - -3).
-2
Calculate (28 - 34) + (-1 - (-4 - 0)).
-3
Evaluate (5 - (2 - 2)) + -12 + 3.
-4
Evaluate (-1 + 1 - (-17 - -15)) + -2.
0
What is the value of 10 + (0 - (2 - -3)) - 8?
-3
Evaluate 0 - -1 - (2 + -4 + 5).
-2
(-1 - 0) + (5 - -2 - 4)
2
(3 - (4 - 2)) + (-5 - 6)
-10
(-1 - -1) + -6 + (-2 - -8)
0
Calculate -2 + 6 + (-1 - 1 - -1).
3
What is the value of -11 + 4 + (7 - 5)?
-5
Evaluate (35 + -34 - (-11 - 1)) + -4.
9
0 + -7 - (-13 + 5)
1
What is the value of -4 - (4 - (14 - 4))?
2
Calculate 5 + (-5 - -3) + -5.
-2
Evaluate 0 - ((1 - 3) + 4).
-2
(-16 - -23) + (-2 - 2)
3
What is the value of -8 - (-2 - -6) - (5 - 10)?
-7
What is (2 - 1 - -6) + -3?
4
0 + 8 + -3 + -5
0
Evaluate -5 - (-9 - (0 - 4) - 1).
1
What is the value of 4 + -3 + (-1 - -1 - 2)?
-1
Calculate 0 + (0 - (1 - -3)).
-4
Evaluate 2 - -6 - (-2 - -5) - 6.
-1
Evaluate -1 + -2 + (6 - (-8 + 13)).
-2
Calculate -1 + -3 - (-22 - -15).
3
Evaluate 2 - (0 - (-3 + (1 - -4))).
4
Evaluate (-8 - 0) + 9 + 3 + -7.
-3
Calculate -5 + 3 + -1 + (-3 - -1).
-5
0 + (0 - 2) + 6 + -4
0
What is the value of 4 + (-1 - (-4 + 2)) + -4?
1
What is the value of 3 - (18 + -9 + (-2 - 2))?
-2
What is the value of -10 + (4 - -4) - (8 + -2)?
-8
Calculate 12 + -10 + 4 + 3.
9
What is 1 - -2 - (14 + -16)?
5
What is the value of 1 - ((2 - -2 - -1) + -2)?
-2
Evaluate -2 + -1 + (4 - 2).
-1
What is 1 + 4 + -1 - (75 + -68)?
-3
Calculate (-3 - (-1 + -1)) + 3 + -5.
-3
((1 - 2) + 0 - 2) + 2
-1
Calculate -9 + -2 + (-3 - -8) + 1.
-5
Evaluate (-1 - 1) + -6 + 8.
0
Calculate (-66 - -79) + (-19 - 0).
-6
Calculate 1 + (-2 - (-5 - 2)) + -5.
1
Evaluate 0 + (-4 - -5 - 4) + 2.
-1
-10 + 4 - (-7 + 3 - 5)
3
Evaluate -6 - (1 + -2 + -8 + 6).
-3
1 + 2 + 4 - 3
4
-8 + (0 - 3 - (8 - 13))
